{"id":113,"date":"2022-10-26T21:21:44","date_gmt":"2022-10-26T19:21:44","guid":{"rendered":"http:\/\/patermachac.farnostmatej.cz\/?page_id=113"},"modified":"2022-10-26T21:21:44","modified_gmt":"2022-10-26T19:21:44","slug":"spolupracovnici","status":"publish","type":"page","link":"http:\/\/patermachac.farnostmatej.cz\/?page_id=113","title":{"rendered":"Spolupracovn\u00edci"},"content":{"rendered":"\n<p>Ond\u0159ej Salvet &#8211; koordin\u00e1tor projektu<\/p>\n\n\n\n<p>Jan Nov\u00e1k &#8211; redaktor, spr\u00e1vce fotoarchivu, autor doprovodn\u00e9ho DVD knihy<\/p>\n\n\n\n<p>V\u00e1clav Bro\u017e &#8211; redaktor<\/p>\n\n\n\n<p>Tom\u00e1\u0161 Petr\u016fj &#8211; redaktor<\/p>\n\n\n\n<p>Luk\u00e1\u0161 Seidl &#8211; spr\u00e1vce webu, redaktor<\/p>\n\n\n\n<p>Jan Bloudek &#8211; redaktor, grafika knihy<\/p>\n\n\n\n<p>Mat\u011bj Forman &#8211; redaktor, grafika knihy<\/p>\n\n\n\n<p>Jan Vihan<\/p>\n\n\n\n<p>Josef Vymazal<\/p>\n","protected":false},"excerpt":{"rendered":"<p>Ond\u0159ej Salvet &#8211; koordin\u00e1tor projektu Jan Nov\u00e1k &#8211; redaktor, spr\u00e1vce fotoarchivu, autor doprovodn\u00e9ho DVD knihy V\u00e1clav Bro\u017e &#8211; redaktor Tom\u00e1\u0161 Petr\u016fj &#8211; redaktor Luk\u00e1\u0161 Seidl &#8211; spr\u00e1vce webu, redaktor Jan Bloudek &#8211; redaktor, grafika knihy Mat\u011bj Forman &#8211; redaktor, grafika &#8230; <a class=\"more-link\" href=\"http:\/\/patermachac.farnostmatej.cz\/?page_id=113\">\u010c\u00edst v\u00edce &raquo;<\/a><\/p>\n","protected":false},"author":1,"featured_media":0,"parent":0,"menu_order":0,"comment_status":"closed","ping_status":"closed","template":"","meta":{"footnotes":""},"class_list":["post-113","page","type-page","status-publish","hentry"],"_links":{"self":[{"href":"http:\/\/patermachac.farnostmatej.cz\/index.php?rest_route=\/wp\/v2\/pages\/113","targetHints":{"allow":["GET"]}}],"collection":[{"href":"http:\/\/patermachac.farnostmatej.cz\/index.php?rest_route=\/wp\/v2\/pages"}],"about":[{"href":"http:\/\/patermachac.farnostmatej.cz\/index.php?rest_route=\/wp\/v2\/types\/page"}],"author":[{"embeddable":true,"href":"http:\/\/patermachac.farnostmatej.cz\/index.php?rest_route=\/wp\/v2\/users\/1"}],"replies":[{"embeddable":true,"href":"http:\/\/patermachac.farnostmatej.cz\/index.php?rest_route=%2Fwp%2Fv2%2Fcomments&post=113"}],"version-history":[{"count":1,"href":"http:\/\/patermachac.farnostmatej.cz\/index.php?rest_route=\/wp\/v2\/pages\/113\/revisions"}],"predecessor-version":[{"id":114,"href":"http:\/\/patermachac.farnostmatej.cz\/index.php?rest_route=\/wp\/v2\/pages\/113\/revisions\/114"}],"wp:attachment":[{"href":"http:\/\/patermachac.farnostmatej.cz\/index.php?rest_route=%2Fwp%2Fv2%2Fmedia&parent=113"}],"curies":[{"name":"wp","href":"https:\/\/api.w.org\/{rel}","templated":true}]}}